x + 4 - 2*x. Let h be b(6). Let t = h - -15. What are the prime factors of t?
7
Let s(f) = f**3 - 4*f**2 + f - 3. List the prime factors of s(5).
3
What are the prime factors of (-5 - 0) + 11 + 2?
2
Let x = 56 + -8. What are the prime factors of x?
2, 3
List the prime factors of 2 - 0/4 - -3.
5
Let j = 16 + 0. What are the prime factors of j?
2
Suppose a - 2 = 3. Let t = 7 - a. List the prime factors of t.
2
Let k(w) = -w + 18. List the prime factors of k(-5).
23
Let q(t) = 12*t**2 + 2*t + 1. What are the prime factors of q(-2)?
3, 5
Let g = 43 + 13. What are the prime factors of g?
2, 7
Let g(o) = -4*o + 3. Let x(s) = 5*s - 3. Let a(i) = 3*g(i) + 2*x(i). Suppose 0 = n + 4*r - 4, 2*n + 2*r + 4 = -0*r. List the prime factors of a(n).
11
Let u = 11 - 9. Let f = 17 + -9. Suppose 55 = 5*l + 5*q, 0 = -u*q + 4*q - f. What are the prime factors of l?
7
Let x = -161 - -231. List the prime factors of x.
2, 5, 7
Let z = 48 + -40. List the prime factors of z.
2
Suppose 3*h = 4*d - h - 280, -4*h = 0. List the prime factors of d/(0 + 2) + -1.
2, 17
Let s = -29 + 51. List the prime factors of s.
2, 11
Suppose -d - 3*d + 20 = 0. List the prime factors of (-3 + d)*17/2.
17
Suppose 4*q + 0*q = -5*m + 69, 3*m + 13 = q. Suppose -5*u + q = -34. List the prime factors of u.
2, 5
Let n = 3 - -7. Suppose -w + 4*c - c = -n, 0 = -2*c - 2. What are the prime factors of w?
7
Let s(w) = -13*w + 1. Let p(b) = 65*b - 6. Let x(r) = 4*p(r) + 22*s(r). What are the prime factors of x(-1)?
2, 3
Let p = -3 + 5. Let u = p + -5. Let o = 5 + u. What are the prime factors of o?
2
List the prime factors of (-263)/(-4) + 25/100.
2, 3, 11
Let g be (24/14)/(-2)*-21. List the prime factors of g/12 - (-54)/4.
3, 5
Suppose k = -k + 18. Let r be 3/k*3/(-1). What are the prime factors of 4/(-4)*(-9 - r)?
2
Suppose 5*w - 1302 = 3*o, -2*w + 218 = -5*o - 318. What are the prime factors of w?
2, 3, 43
What are the prime factors of 12/66 - (-1186)/11?
2, 3
Suppose 15 = 5*d + 5. Let u be d + 0 + 0/3. Suppose -2*h + 4*x + 31 = 3, 0 = u*h - x - 16. What are the prime factors of h?
2, 3
Suppose 5*p - 20 = p. Suppose 5*c + 41 = -5*m + 161, -3*m - p*c + 76 = 0. List the prime factors of m.
2, 11
Suppose m - 11 = -4*l + 20, 0 = 2*l - m - 17. Let t be 21/1*l/24. Suppose o - t = -3. List the prime factors of o.
2
Suppose -5*p + 55 + 50 = 0. List the prime factors of p.
3, 7
What are the prime factors of (-1)/(3/228*-2)?
2, 19
Let a(q) = q**3 + 16*q**2 - 40*q - 14. What are the prime factors of a(-17)?
13, 29
What are the prime factors of (-2)/11 + 2358/22 + -2?
3, 5, 7
Suppose -3*w + 28 = -92. List the prime factors of w.
2, 5
Suppose -2 = -2*i + 6*i - 2*o, -14 = i - 5*o. Let v(k) = 3*k + 1. What are the prime factors of v(i)?
2
Suppose 4*o - 11 = 5*o. Let w = -1 + o. Let i = w - -20. What are the prime factors of i?
2
Let r(a) be the second derivative of -a**5/20 + 5*a**4/12 - 2*a**3/3 + 3*a**2/2 + 3*a. Let s be r(3). List the prime factors of 69/9 + 3/s.
2
Let z be (4/6)/(3/18). Suppose z*l + 8 - 52 = -3*b, 0 = -2*l - 4*b + 12. What are the prime factors of l*((-1)/2 + 1)?
7
What are the prime factors of (-1596)/(-10) + 14/35?
2, 5
Let p(y) be the first derivative of -2 - y - 11/2*y**2. What are the prime factors of p(-1)?
2, 5
List the prime factors of (-454)/(-12) + (-5)/(-30).
2, 19
Let p(j) = j**3 + 9*j**2. Let n be p(-9). Suppose n*h + h = 10. What are the prime factors of h?
2, 5
Let t = -7 - -11. Let r be (-1*(-2 + t))/(-2). What are the prime factors of (-2)/(-3)*r*9?
2, 3
Suppose 4*l - t + 5 = 0, -2*l + 0*t - 5*t + 25 = 0. Let g = 4 + l. List the prime factors of g.
2
List the prime factors of (48/20)/6*5.
2
Suppose -328 - 168 = -4*b. What are the prime factors of b?
2, 31
Suppose -2*w - 45 = 5*l, 6*w + 2*l = 3*w - 40. Let y = w + 17. List the prime factors of y.
7
Let p(w) = -w**2 - 9*w + 1. Let g be p(-8). List the prime factors of ((-6)/g)/((-2)/69).
23
Let v(w) = -w**2 - 4*w - 1. Suppose 5*u = 4*u - 2. What are the prime factors of v(u)?
3
Suppose -i = -4*i + 6. Let n be 29 + (-1 + i)*-2. Suppose -3*s + 0*s = -n. What are the prime factors of s?
3
Let i be (-1)/(-1*1/3). Suppose -i*r = -2*z - 13, -z + 7 = -3*r + 21. List the prime factors of (1 - 2) + z*17.
2
Suppose 3*i - 2*i - 22 = 0. Suppose 4*n = -2*u + 4*u - 16, i = -3*n + 4*u. What are the prime factors of (-1)/(n/(11 - -1))?
2, 3
What are the prime factors of 2/4 + 273/14?
2, 5
Let u be -11*(0 + -2 - -1). Let m = -48 + 45. Let y = m + u. List the prime factors of y.
2
Let u = 1 + -5. Let n(v) = -v - 8. Let j be n(-6). What are the prime factors of u/3*9/j?
2, 3
Suppose -5*v = -v + 2*m + 36, -30 = 4*v - m. Let r(t) = -t**3 - 9*t**2 - 9*t - 3. Let s be r(v). Suppose -5*i + 20 = s. What are the prime factors of i?
3
Let z(q) = 52*q + 1. Let j be (-11)/(-44) - 6/(-8). What are the prime factors of z(j)?
53
Suppose 4*a - 37 = -5*c, a + 3*c + 4 - 22 = 0. Suppose 10 = -a*d + 1. List the prime factors of 3*(-6)/(1*d).
2, 3
Let m(q) = 25*q**2 - q + 3*q - 27*q**2 - q**3 - 1. What are the prime factors of m(-3)?
2
Let h(g) = 11*g + 10. Let q be h(-4). Suppose -5*t = -t + 88. Let f = t - q. List the prime factors of f.
2, 3
Let r = 10 + -7. Suppose -r*d - d + 244 = 0. Suppose 4*a - 3*x = 21 + d, 4*a - 66 = -5*x. List the prime factors of a.
19
Let k = 7 - 5. Let r(f) = -f**3 + 2*f**2 + 4*f - 3. Let o be r(3). Suppose o = k*d + d - 6. What are the prime factors of d?
2
Let z = 290 + 10. What are the prime factors of z?
2, 3, 5
Suppose -5*y = 2*d - 145, -71 = -2*y + 2*d - 13. List the prime factors of y.
29
Let f(p) = -p**3 + 8*p**2 - 9*p + 2. Let u be f(6). Suppose -3*d + 12 = 0, 5*z + u = 5*d - 0*d. Suppose z = 4*l - 8*l + 36. List the prime factors of l.
3
Let y(t) = -t**2 + 5*t - 3. Let s be y(2). Suppose -4*d - 3*v = -0*v - 37, 5*d = -s*v + 44. What are the prime factors of d?
7
Let m = 32 + -19. What are the prime factors of m?
13
Let j(k) = -k**2 + k + 1. Let l(f) = f**2 - 19*f - 16. Let n(h) = 2*j(h) + l(h). List the prime factors of n(-15).
2
Suppose 4*h - 3*l - 299 = -6*l, 2*h - 167 = -5*l. What are the prime factors of h?
71
Let j = -7 + 7. Let m = 8 - j. List the prime factors of m.
2
Let u = 31 - -187. What are the prime factors of u?
2, 109
Let h = 37 - 17. List the prime factors of h.
2, 5
Suppose 0 = 2*x + 274 - 856. What are the prime factors of x?
3, 97
Let r(t) = 27*t. List the prime factors of r(3).
3
Suppose 8*g + 12 = 11*g. List the prime factors of g.
2
Let w(u) = -u**3 - 2*u**2 + 5*u + 3. Let c be w(-3). Let a be 2*c/6 - -13. Let q = a + -8. List the prime factors of q.
2
Let u be -1*(-2 + 1)*11. Let s be 8/4 + 3*u. Suppose 9*c = 4*c + s. What are the prime factors of c?
7
What are the prime factors of ((-35)/(-4))/(2/8)?
5, 7
Suppose 171*i = 169*i + 524. What are the prime factors of i?
2, 131
Let y be (1/2)/1*0. Suppose 2*s - 10 = 2*v, v + 3*v + 2*s + 8 = y. Let l = 1 - v. What are the prime factors of l?
2
Let v = 10 + -14. Let j be 8/v - (-1 - 1). Suppose -28 = -4*y - m, 2*y - 14 = 2*m - j. What are the prime factors of y?
7
Let m = -34 - -93. List the prime factors of m.
59
Let p be (-1 + 4)/((-9)/(-12)). Suppose -p*x = -i + x + 75, 0 = 5*i - 2*x - 375. List the prime factors of ((-6)/10)/((-5)/i).
3
Suppose -3*k = -4*k. What are the prime factors of 1*(k/(-3) - -5)?
5
Let q(t) = -109*t**3 + t**2 + 3*t + 2. What are the prime factors of q(-1)?
109
Suppose 93 = -i - 2*i. List the prime factors of (-1)/3 + i/(-3).
2, 5
Suppose -7*n = -5*n - 46. What are the prime factors of n?
23
Let q(z) = -2*z**2 + 7*z - 6. Let a be q(4). Let d = -3 - a. What are the prime factors of d?
7
Let t be 0 - -11 - 2 - -1. Suppose 4*s = -3*j - 8, 3*j - s - 2 = -0. Suppose j*i - 5*i + t = 0. List the prime factors of i.
2
Let s(d) = 6*d**2 - d - 3. What are the prime factors of s(-3)?
2, 3
Let n be 2/6 + 22/6. Let f(t) = t**2 + 2*t - 6. Let u be f(n). Suppose 0 = o + 2*o - 3*b - u, 4*o = -b + 39. What are the prime factors of o?
3
What are the prime factors of (33/9)/((-3)/(-9))?
11
Let z = 115 + -37. List the prime factors of z.
2, 3, 13
Suppose -4*i + 3*y + 6 = -3, 0 = 2*i - 4*y + 8. Suppose h + i = -4*s - 49, 4*h = -12. What are the prime factors of ((-3 - 1) + 3)*s?
13
Suppose -q = -12 - 4. What are the prime factors of q?
2
Let g(h) =